ousands digit of l?
1
Let k(q) = q**2 - q - 1. Let h be k(-1). Let y be -5*h/(15/(-156)). Suppose w - y = -w. What is the units digit of w?
6
Let h be ((-25)/(-30)*3)/((-2)/(-4)). Suppose -h*b + 311 = -2*x, -x - x - 250 = -4*b. What is the units digit of b?
1
Let g = -7095 + 12146. What is the thousands digit of g?
5
Suppose 5*c = -4*o + 2192, 0 = 3*c - 4*c. What is the tens digit of o?
4
Suppose 152*q - 168*q = -27824. What is the hundreds digit of q?
7
Let p(i) = 2*i + 1. Let t be p(-6). Let q(o) = -o**3 - 11*o**2 - 4*o - 16. What is the units digit of q(t)?
8
Suppose -5*k = -14 + 4. What is the hundreds digit of (8602/165 - k/(-10))*3?
1
Let w(c) be the first derivative of c**4/4 - 4*c**3 + 2*c**2 + 9*c + 14. What is the tens digit of w(12)?
5
Let l = 156 + -23. Let w = 268 - l. What is the tens digit of w?
3
Let a be (-6)/4*(-112)/(-12). Let o = -9 - a. What is the tens digit of 4/(8/o)*12?
3
Suppose 0 = 15*w - 42 - 18. Suppose -11 = i - j - 2, 0 = -5*i + 2*j - 30. What is the units digit of ((-2)/w)/(i/16)?
2
What is the tens digit of (4520/(-16))/(6/(-72))?
9
Let b(j) = j**3 + 7*j**2 + 9*j + 4. Let n be b(-6). What is the tens digit of (-130)/(-4) - 7/n?
3
Suppose -4*y + x + 10963 = -3080, -4*x + 3498 = y. What is the hundreds digit of y?
5
Let n(i) = i**3 - 14*i**2 + 55*i - 36. What is the hundreds digit of n(13)?
5
Suppose -2*g - 76 = -s, -160 = -5*s + 4*g + 238. Suppose -s = -2*m + 56. What is the units digit of m?
9
Suppose -19*y + 24 = -1401. What is the units digit of y?
5
Let w = 990 - 88. What is the hundreds digit of w?
9
Suppose 341 = 3*v - 3*a + 5*a, 0 = -v + a + 107. What is the tens digit of v?
1
Suppose 5*u = u + 8. Suppose 4*a + 474 = 3*t, -a + 3*a + 318 = u*t. What is the units digit of t?
2
Let a = 672 - 79. Suppose 149 - a = -4*g. What is the tens digit of g?
1
Suppose -9*m = -8*m - 7. Let q(f) = 16*f + 5. What is the hundreds digit of q(m)?
1
Let f = 1415 + -591. What is the tens digit of f?
2
Suppose -5*i + 89 = 3*d, -2*i + d = -3*d - 46. Let b = i - -9. Suppose 2*v = 28 + b. What is the units digit of v?
8
Let y be 16/(-40) - 12/(-5). Let j(o) = -o + y*o + 3*o - 5*o + 18. What is the tens digit of j(0)?
1
Let s(c) = -12*c**3 + 1. Let b be s(-1). Let f = b - -10. Suppose 0 = 4*n - 69 - f. What is the units digit of n?
3
Let u be 1/(-3) - (-2)/(12/(-358)). Let o = -37 - u. What is the tens digit of o?
2
Suppose 2 = 6*n - 4*n. Let i be (-114)/(-3) + -3 + n. Suppose -2*z + 24 + i = 0. What is the units digit of z?
0
Suppose 2145 = 10*p + 235. Let g = p - -47. What is the units digit of g?
8
Let l = 29 - 5. Suppose -7*c = -3*c - y - 69, -l = -c - 2*y. Suppose -3*i + 9 = -c. What is the units digit of i?
9
Let r(d) be the third derivative of d**6/120 - d**5/4 + 19*d**4/24 - 25*d**3/6 + 27*d**2. What is the units digit of r(14)?
5
Let k be (4 - 48/(-10))/((-1)/(-5)). Suppose f - k = -2*w, -5*w + 12 = -w. What is the tens digit of f?
3
Suppose 0 = 3*m - z - 10, 4*m + 0*m - 3*z = 15. Suppose -5 - m = 2*h, 5*h = r - 202. What is the hundreds digit of r?
1
What is the hundreds digit of (-524920)/(-132)*3/5?
3
Let a(f) = f**2 - 14*f + 21. Let x be a(13). Suppose 132 = -x*j + 10*j. What is the units digit of j?
6
Suppose 3*l - 4*c - 27 = 0, 4*l = 4*c + 21 + 11. Suppose -l*k = -5*z + 220, -3*z + 103 = -z - 5*k. What is the tens digit of z?
3
Suppose 0 = -28*l + 23*l + 3075. What is the units digit of l?
5
Let m = -244 + 1502. Suppose -4*l - 754 = -3*c - 2*l, 0 = -5*c + 4*l + m. What is the hundreds digit of c?
2
Suppose -q = 4*q - 20. Suppose 2*b + 2*t - q = -2*t, 2*b + 3*t - 4 = 0. Suppose 20 = b*r + 4. What is the units digit of r?
8
Suppose 4*b + 21 - 69 = 0. Suppose 9*i - b*i + 30 = 0. What is the units digit of i?
0
Let t(l) = 5*l + 10. Let v be t(3). What is the tens digit of (0 - v)/(1/(-1))?
2
Suppose 0 = 5*h - 3*j - 15355, -5*j = 16*h - 20*h + 12271. What is the thousands digit of h?
3
Suppose 0 = 17*y - 5738 - 23026. What is the hundreds digit of y?
6
Suppose -3*p - 5310 = -5*z + p, -1062 = -z - 3*p. What is the hundreds digit of z?
0
Let y = -48 + -47. Let r = y + 161. What is the tens digit of r?
6
Let h = 689 - -60. What is the units digit of h?
9
Suppose 5268 = 3*i + 3*o, -7*i + 8*i - 3*o = 1776. What is the units digit of i?
1
Let q(n) be the first derivative of 3*n**2/2 + 5*n - 4. Let b be q(4). Let y = 22 - b. What is the units digit of y?
5
What is the tens digit of 6 - (31488/(-6) + 4)?
5
Suppose 0 = 4*m + 2*w - 4870, -5*m + 6092 = w + 3*w. What is the units digit of m?
6
Suppose l + 4 = 1, 3*l - 10299 = -4*v. What is the hundreds digit of v?
5
Suppose -2 = -3*t - d + 10, 4*t = -4*d + 24. Suppose -m = -t*m + 70. What is the tens digit of m?
3
Suppose u - 378 = 3*z, -13*z + 17*z = 4*u - 1536. What is the units digit of u?
7
Let f(y) = 5*y**2 + 27*y + 30. Let l(u) = u**2 + u - 1. Let r(g) = f(g) - 4*l(g). What is the tens digit of r(-26)?
1
Let s be (-634)/10 + 30/75. What is the hundreds digit of (-70)/21*(s - (2 + -2))?
2
Suppose 0 = -f - 7 + 54. What is the units digit of f?
7
Let r = 17 + -11. Suppose -r*d = -3*d + 12. What is the units digit of 5/(d - 9/(-2))?
0
Let r = -11 - -29. Suppose r = -b + 68. What is the units digit of b?
0
Suppose -5*o = -0*i - 3*i + 273, 3*i - 273 = -2*o. What is the units digit of i?
1
Let t(p) be the first derivative of 0*p - 2 - 4/3*p**3 - 3/2*p**2 - p**4. What is the tens digit of t(-2)?
2
Suppose 2*y = 4*t + 2528, 8*t - 5043 = -4*y + 3*t. What is the thousands digit of y?
1
Suppose 12*i - 22*i + 7440 = 0. What is the units digit of i?
4
Let c be (12 - 6)/(3/(6/4)). Suppose -c*g + 387 = 66. What is the tens digit of g?
0
Let v = 801 - 536. Suppose 0*z + 2*p = -4*z + 234, v = 5*z - 3*p. What is the tens digit of z?
5
Let k = 6210 - 2149. What is the hundreds digit of k?
0
Let h be (-3)/2 - 812/(-8). Suppose 0 = -3*g - g - m - 75, -4*g + 4*m = h. What is the units digit of ((-15)/g)/((-2)/(-8))?
3
Let b = 731 + 795. What is the tens digit of b?
2
Suppose 0 = -3*m + 3 + 3. Let q(y) = 11*y + 3. Let i(d) = 11*d + 2. Let h(f) = 6*i(f) - 5*q(f). What is the tens digit of h(m)?
1
Let r be 1/3*-1*-9. Suppose 2*t - r*t + 24 = 0. Let d = t + -13. What is the tens digit of d?
1
What is the units digit of 2/(-6)*(70 - 427)?
9
Let d = -3740 - -8301. What is the hundreds digit of d?
5
What is the tens digit of (-5)/(-30)*40*276/10?
8
Suppose -28*l = -40*l + 13536. What is the hundreds digit of l?
1
Let q be 418/33 + (-2)/(-6). Let g = q - 12. What is the units digit of (-31)/(-1 + 0) - g?
0
Let f(i) = -i - 2. Let b be f(-5). Suppose 0 = -j - g + 9, 3*g + 0*g - b = 3*j. Suppose -3*l + j*l = 3. What is the units digit of l?
3
Let l(m) = 3*m + 0*m**2 - 2*m + 16 - 3 + m**2. Let n be l(0). Suppose 62 + n = 3*g. What is the tens digit of g?
2
Suppose 4*v - o = -1332 + 320, -v + 5*o - 253 = 0. Let d = 371 + v. Suppose -3*j + 5 + d = 0. What is the units digit of j?
1
Suppose 8*b - 2 = 7*b. Let p(q) = -11 + 0*q**2 + q**3 + 10*q**b + 13*q + q**2. What is the tens digit of p(-8)?
7
Suppose 0 = -11*d + 110 + 143. What is the units digit of d?
3
Let o be (-594)/8*2*(-8 + 6). Suppose 2*d = -5*c + d + 303, -5*c + d + o = 0. What is the tens digit of c?
6
Let h = -65 + 65. Suppose -9*l - 28 + 1387 = h. What is the hundreds digit of l?
1
Suppose 0 = 11*v - 18 + 73. Let i(p) = 14*p**2 - 7*p + 29. Let k(t) = 5*t**2 - 2*t + 10. Let q(g) = 6*i(g) - 17*k(g). What is the units digit of q(v)?
9
Let f(h) = 6*h + 1. Let o be f(3). Suppose o = -y + 129. What is the hundreds digit of y?
1
Let i(w) = 4*w + 38. Let c be i(-11). Let l = 19 - c. What is the tens digit of l?
2
Let c = 17 + -16. What is the units digit of -1*(-54)/c - (10 + -7)?
1
Let s = -531 + 1008. What is the hundreds digit of s?
4
Suppose -50540 = -34*p + 136188. What is the units digit of p?
2
Suppose 3*i = -3*j + 6084, -3*j - 74 + 62 = 0. What is the tens digit of i?
3
Suppose 2*u - 9 = u. Let h(n) = n**3 - 14*n**2 + n - 4. Let w be h(14). Let m = u + w. What is the units digit of m?
9
Let q = -540 - -904. What is the tens digit of q?
6
Suppose y = -5*t + 15983, -t + 1717 = 4*y - 1491. What is the units digit of t?
6
Let y(q) = -183*q + 136. What is the tens digit of y(-9)?
8
Suppose -4*d = -5*r + 31, -4*d + 3*r = -8 + 49. Let g be 1*d/4*-6. Let 